- 510. Determine g(65).
-120
Let m(c) = 4*c**2 - 7*c + 62. Calculate m(8).
262
Let k(f) = -5*f - 110. Give k(-25).
15
Let j(d) = d**3 - 27*d**2 + 11*d + 889. Give j(25).
-86
Let z(f) = -229*f**2 + 5728*f - 75. What is z(25)?
0
Let q(f) = -237*f + 11133. What is q(47)?
-6
Let b(x) = -878*x + 6178. Determine b(7).
32
Let j(v) = -18*v - 121. Determine j(-7).
5
Let u(g) = -4*g**2 + 48*g - 400. Determine u(14).
-512
Let f(h) = -35*h - 2246. Determine f(-64).
-6
Let t(u) = 131*u**2 + 1963*u - 21. What is t(-15)?
9
Let z(i) = i**3 - 47*i**2 + 137*i - 23. What is z(3)?
-8
Let p(i) = 62*i - 1377. Give p(21).
-75
Let n(d) = -d**3 + 24*d**2 - 123*d + 29. Give n(17).
-39
Let d(w) = w**3 + w**2 - 57*w + 24. What is d(7)?
17
Let a(i) = -i**2 + 51*i - 527. What is a(39)?
-59
Let z(n) = -26*n**2 + 161*n - 9. Give z(6).
21
Let a(s) = -7*s**2 - 31*s + 172. Determine a(8).
-524
Let p(c) = 155*c - 88. What is p(3)?
377
Let k(m) = -525*m - 4333. What is k(-9)?
392
Let r(c) = -11*c**3 + 9*c**2 + 21*c + 28. Give r(-2).
110
Let p(s) = 77*s + 4854. Give p(-63).
3
Let o(x) = x**3 - 14*x**2 + 17*x + 20. Give o(8).
-228
Let b(o) = -13*o + 77. Give b(6).
-1
Let x(s) = -s**3 + 9*s**2 + 73*s - 657. Calculate x(9).
0
Let u(t) = -t**2 + 49*t + 97. Determine u(-4).
-115
Let s(m) = -m**2 + 82*m + 599. Give s(89).
-24
Let n(c) = -2*c**2 - 27*c - 126. Calculate n(-10).
-56
Let u(w) = 4*w**3 + 166*w**2 + 84*w + 90. Give u(-41).
8
Let t(h) = -2*h**3 - 5*h**2 + 7*h - 5. Calculate t(2).
-27
Let r(m) = -23*m - 677. What is r(-49)?
450
Let d(v) = 62*v - 302. Give d(5).
8
Let d(o) = -9762*o + 48807. Give d(5).
-3
Let p(b) = -318*b**3 + 3*b**2 - 5*b + 3. Calculate p(1).
-317
Let f(z) = 82*z - 270. Determine f(7).
304
Let z(m) = -1037*m - 5173. Calculate z(-5).
12
Let a(j) = -3*j**2 - 143*j + 659. Determine a(-52).
-17
Let x(r) = -5*r**2 + 614*r + 3335. Give x(128).
7
Let l(d) = -19348*d + 96742. Give l(5).
2
Let z(a) = -a + 53. Determine z(-18).
71
Let d(h) = 28*h + 161. Give d(-6).
-7
Let a(c) = -c**3 + 6*c**2 - 4*c + 34. Calculate a(6).
10
Let t(c) = -c**2 - 7*c + 373. Calculate t(16).
5
Let o(p) = -2*p**3 - 21*p**2 - 53*p + 8. Calculate o(-5).
-2
Let v(l) = -2*l**3 + 12*l**2 + 331*l - 1962. Determine v(6).
24
Let z(f) = 247*f - 5805. Determine z(23).
-124
Let p(j) = -j**2 - 6239*j + 56236. Calculate p(9).
4
Let j(t) = 282*t**2 + 53*t - 54. What is j(1)?
281
Let f(k) = k**2 - 34*k - 105. Determine f(-3).
6
Let k(q) = 20*q**2 + 32*q + 22. What is k(-1)?
10
Let r(y) = y**2 + 44*y + 217. What is r(-6)?
-11
Let k(q) = q**3 + 37*q**2 - 167*q - 83. Calculate k(-41).
40
Let z(p) = 7*p**2 + 433*p + 1195. Determine z(-59).
15
Let c(n) = 7*n + 27. Calculate c(-11).
-50
Let k(l) = -9*l**2 - 135*l + 6. What is k(-15)?
6
Let c(t) = -t**3 - 15*t**2 - 30*t + 2. Give c(-9).
-214
Let p(q) = -23*q + 404. Determine p(52).
-792
Let y(t) = t**3 - 39*t**2 - 136*t + 6610. Determine y(38).
-2
Let p(a) = -56*a - 714. Give p(-13).
14
Let g(p) = -2*p**3 + 622*p**2 + 1253*p - 323. Calculate g(313).
-10
Let m(t) = 7*t**3 - 91*t**2 + 179*t + 4. What is m(2)?
54
Let b(h) = 14*h + 186. Calculate b(-14).
-10
Let w(z) = -z**2 - 1608*z + 88029. What is w(53)?
-4
Let l(g) = 40*g + 201. Calculate l(-6).
-39
Let b(q) = q**3 + q**2 - 5. Calculate b(-3).
-23
Let d(x) = -49*x + 14. Determine d(1).
-35
Let q(i) = -2*i**2 + 66*i + 175. Determine q(36).
-41
Let h(n) = -146*n - 8168. What is h(-56)?
8
Let x(y) = y**3 + 5*y**2 + 2*y - 11. Determine x(-4).
-3
Let q(d) = 870*d - 3317. Give q(4).
163
Let s(p) = -p**2 + 35*p - 318. Calculate s(7).
-122
Let r(u) = -u**3 + 73*u**2 - 269*u - 18. Determine r(4).
10
Let d(z) = 13*z - 294. Calculate d(27).
57
Let b(q) = -2*q**3 - 23*q**2 + 12*q + 62. Give b(-13).
413
Let w(j) = -22*j - 717. Give w(-25).
-167
Let r(k) = -45*k - 523. Calculate r(-5).
-298
Let n(h) = 11937*h - 83554. Calculate n(7).
5
Let v(t) = t**2 - 32*t + 12. Determine v(37).
197
Let g(n) = -4*n**2 - 28*n + 7. What is g(-2)?
47
Let j(a) = 2*a**3 + 107*a**2 - 49*a + 95. What is j(-54)?
-175
Let d(x) = -13*x**2 - 7*x + 7. Give d(-1).
1
Let d(k) = -126*k + 5163. What is d(41)?
-3
Let y(r) = r**2 - 75*r - 42. Give y(0).
-42
Let y(u) = -6517*u - 26067. What is y(-4)?
1
Let i(w) = -9*w**3 + 18*w**2 + 7*w - 11. Determine i(2).
3
Let l(s) = s**3 - 66*s**2 - 148*s + 832. Determine l(68).
16
Let n(q) = q**2 + 3722*q - 26101. Give n(7).
2
Let z(k) = -38*k - 159. Calculate z(0).
-159
Let c(r) = 2*r**3 - 18*r**2 + 30*r - 199. Give c(8).
-87
Let s(o) = o**3 + 27*o**2 + 59*o + 1602. Give s(-27).
9
Let j(g) = 211*g + 1296. Give j(-6).
30
Let g(h) = -h**3 - 2*h**2 + 27*h - 8. Calculate g(4).
4
Let z(u) = 4*u**3 + 11*u**2 - 65*u - 2. Determine z(5).
448
Let i(r) = 18*r**2 + 40*r + 1. Determine i(-3).
43
Let s(z) = -5*z**3 + 69*z**2 - 18*z + 450. Calculate s(14).
2
Let x(u) = u**3 - 2*u**2 - 37*u + 8. Calculate x(7).
-6
Let i(r) = 3*r**2 + 191*r + 488. What is i(-61)?
0
Let a(p) = -p - 50. Determine a(7).
-57
Let p(r) = -3*r**3 - 3*r**2 + 4*r + 5. Determine p(3).
-91
Let p(b) = -151*b - 553. What is p(-4)?
51
Let f(b) = b**2 + 6*b - 76. Determine f(12).
140
Let p(h) = 114*h + 8. Determine p(0).
8
Let s(g) = g**3 - 7*g**2 - 18*g + 100. What is s(6)?
-44
Let m(r) = -r**2 - 33*r + 93. Determine m(-34).
59
Let c(n) = n**3 + 22*n**2 + 24*n - 20. Give c(-21).
-83
Let o(h) = 4*h**3 + 249*h**2 + 537*h - 166. Give o(-60).
14
Let i(c) = -c**3 - 35*c**2 + 162*c + 237. What is i(-39)?
3
Let a(k) = 3*k**3 - 3*k**2 - 20*k + 63. Determine a(5).
263
Let h(c) = -c**3 - 29*c**2 - 81*c + 30. What is h(-26)?
108
Let k(v) = -v**3 - 42*v**2 + 294*v - 19. Determine k(-48).
-307
Let j(c) = -66*c + 3161. Calculate j(48).
-7
Let t(i) = -i**2 + 9*i + 101. Calculate t(21).
-151
Let m(b) = -139*b + 247. What is m(2)?
-31
Let q(m) = 678*m + 13573. Calculate q(-20).
13
Let h(y) = 81*y - 976. What is h(12)?
-4
Let z(o) = -42*o + 51. Give z(2).
-33
Let z(s) = -s**3 + 28*s**2 + 117*s + 1589. Calculate z(33).
5
Let d(p) = -2*p**2 + 20*p - 44. Determine d(8).
-12
Let g(q) = q**3 + q**2 - 258*q - 756. Give g(-3).
0
Let c(d) = d**2 + 44*d + 152. Determine c(-26).
-316
Let w(k) = -k**3 - 33*k**2 - 47*k - 48. Calculate w(-32).
432
Let s(a) = 5*a**2 + 462*a + 628. Calculate s(-91).
-9
Let j(k) = -9*k**3 - 4*k**2 + 2*k + 6. Give j(3).
-267
Let c(b) = -165*b - 676. Calculate c(-4).
-16
Let t(p) = 852*p + 3405. Calculate t(-4).
-3
Let u(j) = 3*j**2 + 13*j - 230. Calculate u(7).
8
Let s(f) = 2*f**2 - 976*f + 28330. Give s(31).
-4
Let j(f) = -2308*f**2 - 11540*f - 1. What is j(-5)?
-1
Let f(h) = 2*h**2 - 5*h - 222. Determine f(-11).
75
Let s(r) = 3*r**2 + 31*r + 24. Determine s(-7).
-46
Let m(a) = -174*a**3 - 4*a**2 + 2*a + 6. Give m(-1).
174
Let s(x) = -31*x**2 - 189*x - 20. Give s(-6).
-2
Let o(f) = f**3 - 6*f**2 - 84*f + 498. Determine o(6).
-6
Let p(c) = 249*c**2 + 284*c - 285. Determine p(1).
248
Let m(n) = -n**2 + 119*n - 2742. Determine m(88).
-14
Let i(b) = -1739*b + 17378. What is i(10)?
-12
Let x(f) = 34*f**3 - 9*f**2 - 13*f - 3. What is x(-1)?
-33
Let z(f) = -2*f**3 + 104*f**2 - 4*f + 177. What is z(52)?
-31
Let b(c) = -c**2 + 36*c + 76. Determine b(-2).
0
Let p(u) = -u**3 - 18*u**2 - 8*u - 184. Calculate p(-18).
-40
Let s(v) = v**3 - 48*v**2 + v - 115. What is s(48)?
-67
Let s(r) = 135*r + 8. Calculate s(3).
413
Let m(z) = -42*z**2 - 8*z - 17. What is m(-2)?
-169
Let j(f) = -f**3 + 25*f**2 - 48*f - 57. Determine j(23).
-103
Let k(r) = -2*r - 270. What is k(-6)?
-258
Let j(f) = 26*f + 155. Calculate j(-4).
51
Let p(r) = -r**3 + 12*r**2 - 39*r + 53. Calculate p(9).
-55
Let m(h) = -h**3 - 12*h**2 - 50*h - 655. Give m(-12).
-55
Let x(d) = -d**3 - 10*d**2 - 36*d - 224. Determine x(-9).
19
Let m(h) = 3*h**3 - 300*h**2 - 302*h - 98. What is m(101)?
3
Let l(w) = -72*w + 2230. What is l(31)?
-2
Let i(z) = 43*z + 529. Give i(-8).
185
Let s(o) = -113*o - 2385. Determine s(-21).
-12
Let v(s) = -159*s**2 + 11*s + 4. Determine v(-2).
-654
Let c(z) = -z**3 + 63*z**2 + 341*z - 142. What is c(68)?
-74
Let k(x) = 5*x**2 - 295*x - 7. Calculate k(59).
-7
Let a(d) = 2646*d + 2604. Determine a(-1).
-42
Let t(r) = 2*r**2 - 98*r - 3497. What is t(-24)?
7
Let n(c) = -2*c**2 + 48*c - 76. What is n(25)?
-126
Let u(w) = 3*w**2 + 5*w + 4. Give u(-7).
116
Let r(w) = -w**2 + 24*w - 143. Calculate r(1